135. What is the hundreds digit of (a/2)/((-10)/(-2480))?
1
What is the units digit of 87 - ((4 - 3) + -3)?
9
Let b(m) = 13*m - 8. Let z = 9 - 3. Let u be b(z). Suppose -3*s + 8*s - u = 0. What is the tens digit of s?
1
Let o = 938 - 101. What is the units digit of o?
7
Let w = -88 - -136. What is the units digit of w?
8
Let c(r) = -r**2 + 34*r + 45. What is the tens digit of c(24)?
8
Let o = 180 - 65. Let i = o + -67. What is the units digit of i?
8
Suppose 2*t = -4*h - 70, 55 = -5*t - 5*h - 115. Let m = 33 + t. Suppose -s = -m*s - 14. What is the tens digit of s?
1
Let c(m) = -m + 11. Let n be c(11). Let k(s) = -s**3 - s**2 - 2*s + 90. What is the tens digit of k(n)?
9
Let o(d) = -d + 24. Let v be o(19). Suppose 0 = -v*w - 3*a - 2*a + 415, -4*a + 420 = 5*w. What is the units digit of w?
8
Let l = 2 + -17. What is the tens digit of l/(-10)*40/3?
2
What is the tens digit of -10 + 9 + 339*2?
7
Suppose -s - 4*a + 1021 = 0, 15*a - 16*a - 2078 = -2*s. What is the hundreds digit of s?
0
Let q = 5 - -905. What is the tens digit of q?
1
Let l(s) = 5*s**2 + 7. Let r be l(-5). Suppose -5*b - 5*j + 30 = 0, -14 = -b - 5*j + 8. What is the units digit of (r/(-9))/(b/(-3))?
2
Suppose 3*d - 3*f = 22 - 7, -2*d + 4*f + 14 = 0. Suppose -192 = d*a - 6*a. What is the units digit of a?
4
Let d(n) = 2*n. Let t be d(-1). Suppose v + 0*v + 1 = 0. What is the tens digit of v/t - 93/(-6)?
1
Suppose 9*i = 4*i - 20, 3*i + 92 = 4*f. Let q be f/6*(-9)/(-2). What is the units digit of (q/(-6))/(1/(-6))?
5
Suppose 2*l + 3*l = -2*k - 328, 150 = -k + l. Let f = 80 + k. Let g = -31 - f. What is the units digit of g?
3
Suppose -5 = 6*r + 7. What is the tens digit of r/(-6)*(59 + -5)?
1
Let a be 12/21 + (-50)/14. Let f(u) = u**3 + 5*u**2 + 4*u + 3. Let z be f(a). Suppose -m = 5 - z. What is the units digit of m?
4
Let z be 9/(-5) + 2 + (-341)/55. Let r(m) = -m**3 - 2*m**2 + 6*m - 8. What is the tens digit of r(z)?
0
Suppose -o = -7*m + 2*m + 68, -4*o + 22 = m. Let u(p) = p**2 - 13*p - 11. Let n be u(m). What is the tens digit of ((-1)/(-2))/(n/186)?
3
Let k = 6 - -1. Suppose -k*f = -3*f - 328. Let s = f - 43. What is the units digit of s?
9
Let y(h) = 287*h**2 + 7*h - 21. What is the tens digit of y(3)?
8
Let n(t) = -3*t - 11. Let y be n(-5). Suppose 4*p + x - 32 = 4*x, -x - 40 = -y*p. Suppose 4*a - 115 = -p. What is the tens digit of a?
2
Let y(b) be the second derivative of 19*b**4/4 - b**3/3 - 10*b. What is the tens digit of y(1)?
5
Suppose 40*b = 18*b + 60192. What is the units digit of b?
6
Let b = -1955 + 3229. What is the thousands digit of b?
1
Let r = -3 + 7. Suppose r*t - 9 - 11 = 0. Suppose -4*d + 174 = -t*x + 3, 81 = 2*d - x. What is the tens digit of d?
3
Let y(q) = -q**3 + 2*q**2 - 3*q + 1. Let f(o) = -2*o**2 - 17*o - 11. Let g be f(-8). What is the units digit of y(g)?
5
Suppose -4*h = 4*s + h - 8167, -6117 = -3*s - h. What is the thousands digit of s?
2
Let i be (-56)/(-84)*(4 - (-1)/(-1)). Suppose 4*o - 268 = -i*g, -g - 6*o + 8*o = -142. What is the hundreds digit of g?
1
Let s(h) be the second derivative of h**5/20 - h**4/6 - h**3 - 5*h**2/2 - 5*h. Let i be s(-3). Let x = i - -66. What is the units digit of x?
4
Suppose -5*u = -14 - 6. Let n = 53 + -41. Suppose 2*f - n = -3*y, 3*f - u*y = y + 56. What is the tens digit of f?
1
Let l(k) = -k**3 + 9*k**2 + 4*k + 7. Let b be l(7). Let p = b + -94. What is the tens digit of p?
3
Suppose -38*h - 22870 = -120682. What is the units digit of h?
4
Suppose 0 = 14*z - 29*z + 23595. What is the units digit of z?
3
Let i(v) be the second derivative of v**5/20 - 7*v**4/6 + 8*v**3/3 - 9*v**2 + 9*v. Let n be i(13). What is the tens digit of (-147)/(-4) - n/28?
3
Let r(v) = v**3 + 5*v**2 - 8*v - 6. Suppose y - 4*y - m = 14, -y + 2*m = 14. Let c be r(y). Suppose -c*w + 150 = -w. What is the tens digit of w?
3
Let g(n) = 15*n + 1. Let m(z) be the second derivative of -z**5/20 + z**4/2 + 7*z**3/6 + z**2/2 + z. Let k be m(7). What is the tens digit of g(k)?
1
Suppose -4*h + 4*y + 976 = 0, -h - y + 351 = 117. Suppose -3*a + 2*z + 223 = 0, -h - 101 = -5*a - 3*z. What is the units digit of a?
1
Suppose 7009 = 19*a - 3384. What is the hundreds digit of a?
5
Suppose 51*n - 52*n = 3*s - 2196, -3*n + 2202 = 3*s. What is the units digit of s?
1
Let g be ((-25)/2 + 4)*-4. Suppose -s - 3*u + 55 = 0, 4*s + 2*u + g - 224 = 0. Let d = s + -23. What is the units digit of d?
3
Let d = -9 + 12. Suppose 2*q - 5*q + 194 = -5*y, 5*y - 214 = -d*q. What is the units digit of q?
8
Let y(m) = -m**2 + 46*m + 78. What is the hundreds digit of y(32)?
5
Let f(l) = -10*l - 46. What is the tens digit of f(-10)?
5
Let t(c) = 2*c + 15 - 4*c + c. Let q be t(9). Let y(z) = -z**3 + 8*z**2 - 8*z + 2. What is the units digit of y(q)?
6
Let d be (1 - (-2 - -2)) + -2. Let v(t) = 67*t**2 + 2*t + 2. What is the units digit of v(d)?
7
Let t(f) = -5*f**3 - 3*f**2 + 19*f + 81. What is the hundreds digit of t(-5)?
5
Let i(n) = -6*n**2 + 5*n + 31. Let t be i(7). Let a = -80 - t. What is the hundreds digit of a?
1
Let y(l) = -l**2 + 19*l - 2. Let r = -32 - -57. Suppose 0 = -5*v + r + 45. What is the units digit of y(v)?
8
Suppose 0 = 61*h - 112687 - 110146. What is the tens digit of h?
5
Suppose -10*b + 19101 = 601. What is the tens digit of b?
5
Suppose -3*i = -667 + 109. Suppose x - 40 = -4*g + i, 5*x + 102 = 2*g. What is the tens digit of g?
5
Let h = 28 - 12. What is the units digit of -4 - (-2 - 1 - h)?
5
Let j = 46 + 536. What is the units digit of j?
2
Suppose -5*g + 0*g = -30. Suppose g = q + 3. Suppose 81 = 5*o - q*x, 0 = 4*o - 3*x - 26 - 37. What is the tens digit of o?
1
Suppose 25189 = 5*p + 3*r, -5*r - 17926 - 2203 = -4*p. What is the tens digit of p?
3
Suppose 2*l - 15 - 47 = 0. Let j = l + 18. What is the units digit of j?
9
What is the hundreds digit of (-6 - (-32)/8)*(-1198)/4?
5
What is the units digit of 1089/6*(19 + -17)?
3
Let g(s) be the third derivative of -7*s**4/24 - s**3/6 + 11*s**2. What is the tens digit of g(-3)?
2
Suppose -i + 3*d - 14 = 0, 2*i - 2*d + 3*d + 14 = 0. What is the hundreds digit of ((-1441)/i)/1 - 11/88?
1
Let s = -439 + 1064. What is the units digit of s?
5
Suppose 4*w + 26 = -3*d, 0*w - 20 = 3*w + 2*d. Let i be (w + 6)*(-26)/4. Suppose -5*g - 26 = -3*t + t, -t = 5*g - i. What is the tens digit of t?
1
Let w(p) = p**3 + 16*p**2 + 29*p - 26. Let h be w(-13). Let i = 105 - h. What is the units digit of i?
1
Suppose -1195 = 5*g + d, -g - 3*d + 223 = -2*g. Let x = g - -435. What is the hundreds digit of x?
1
Let f(a) = 52 + 3*a + 2*a**3 - 50 - a**2 + 0*a. Suppose 4*k - m = 11, -13 = -3*k + 5*m - 9*m. What is the units digit of f(k)?
6
Let w(r) = r**3 + 8*r**2 - r + 10. Let g(j) = -3*j + 2. Let q(v) = -v. Let u(t) = -g(t) + 2*q(t). Let m be u(-6). What is the tens digit of w(m)?
1
Let m be 112/21*(-174)/4 - -3. Let t = m + 386. What is the tens digit of t?
5
Suppose 6*i - 10 - 2 = 0. Let a(k) = -3*k + 5*k - 4*k + 2*k**i - 7*k - 17. What is the tens digit of a(9)?
6
Let w be (-1)/1 - (-3 + 6). Let s(t) = -t**2. Let d(n) = 5*n**2 + n + 1. Let l(b) = d(b) + 3*s(b). What is the units digit of l(w)?
9
Suppose -2*k + 3*c = -159, -107 = 4*k - 3*c - 410. Suppose -70*y = -k*y + 230. What is the tens digit of y?
1
Let f(s) = 406*s**2 + 5*s + 5. What is the units digit of f(-1)?
6
Let r(u) = 167*u + u**2 - u**3 - 167*u. What is the units digit of r(-3)?
6
Let p be 715/30 + (-3)/(-18). Suppose -a - c + 44 = 4*c, -c + p = a. What is the units digit of a?
9
Let a = 1398 - 871. What is the hundreds digit of a?
5
Let u(o) be the first derivative of o**6/360 + 3*o**5/40 + 5*o**4/24 - o**3/3 + 1. Let q(a) be the third derivative of u(a). What is the units digit of q(-9)?
5
Let a = -2842 + 7764. What is the units digit of a?
2
Suppose -1660 = -51*v + 41*v. What is the units digit of v?
6
Let o = -553 + 2959. What is the tens digit of o?
0
Let l be (-12)/(-18) + 57/9. Let o = 53 + l. What is the units digit of o?
0
Suppose -2*i - 11 = 5*n, i - 5*n + 2 = 19. Let j be (-5)/(-15)*12/i. Suppose 3*a = -j*a + 70. What is the tens digit of a?
1
Suppose 0 = -5*m + c + 145 - 10, 4*c - 110 = -5*m. Let x = 42 - m. What is the tens digit of x?
1
Let f(g) = 3*g**2 + 12*g + 352. What is the units digit of f(-10)?
2
Let l(y) = 4*y - 9. Let a be l(8). Suppose -30*s + 